p(m) = -m + 5. Let z be p(2). Let h(i) = -7 - 3*i - 6*i**2 + 0*i + 18*i**3 - 19*i**z. Give h(-6).
11
Let o be 1 - 1/1*1. Suppose -5*y = -a - 19, -2*a = -3*a + 3*y - 9. Let r(x) = 2 + a - 2 - x**3. Calculate r(o).
6
Suppose 0 = 5*t - 2*a - 4 - 1, -4 = 2*t - 2*a. Let x(i) be the first derivative of 1/3*i**3 + 2 - t*i + 3*i**2. Determine x(-5).
-8
Suppose 12 = u + u. Suppose -u = 6*r - 3*r. Let o(s) be the first derivative of -2*s**3/3 - 2*s**2 - 2*s + 1. Determine o(r).
-2
Let j(l) = l + 1 - 4*l**2 + 7*l**2 - l**2. Let a be j(-1). Let u(t) be the third derivative of t**4/12 - t**3/2 + t**2. Calculate u(a).
1
Let n = 11 + -9. Let z(y) be the first derivative of 3*y + 1/2*y**2 - n. Give z(-3).
0
Let d be (-1 - -1) + 0 - -1. Let t be (d - 1)/(0 + -2). Let q(n) = -1 + 2*n - n + t*n. Calculate q(4).
3
Let q(s) be the first derivative of s**2/2 - 4*s - 21. Calculate q(-7).
-11
Suppose -4*w + 12 = 0, 2*v + w = -w + 12. Let q(t) = 2*t + 4 - 6*t + v*t. Calculate q(0).
4
Let w(r) = r + 7 - 2*r + 2 - r**2. Let t be 4/(-14) - 8/(-28). Determine w(t).
9
Let n = 85 - 85. Let g(h) = h**3 - h + 5. What is g(n)?
5
Let b(o) = -o - 5. Suppose -2*s = 3*s + 45. Let q be 0 + s + 3 - -3. Determine b(q).
-2
Let a(x) = -2 + x**3 - 1 + 10*x**2 - 8*x**2. What is a(-3)?
-12
Let w(j) be the second derivative of 1/6*j**3 + 3*j**2 + 0 - 2*j. Let q(c) = -5*c - 35. Let p be q(-6). Give w(p).
1
Let i(p) be the second derivative of p**5/20 + p**4/3 - 2*p**3/3 + 7*p**2/2 - 9*p. What is i(-5)?
2
Let s(k) = k - 6. Let q be s(8). Let o(h) = -2*h - 3*h + 0*h + 2*h**q - 2 - 3*h**2. Calculate o(-4).
2
Suppose -3*r + w + 17 = 0, -5*r - 4*w + 8 + 26 = 0. Suppose -r*u + 25 = -u. Let q(m) = -m**3 + 5*m**2 - 3*m + 1. Give q(u).
-14
Let d(l) = -l**3 + 6*l**2 - 7*l + 5. Suppose 4*k - 15 = 5. Determine d(k).
-5
Suppose 0 = -5*l - 6 + 26. Let c be (l + 1*-2)*-2. Let z(w) = w**2 + w. Let u(y) = 4*y**2 + 6*y + 3. Let p(a) = u(a) - 3*z(a). Give p(c).
7
Let j(z) = 6*z - 11*z - 2 + 6*z. Give j(-4).
-6
Let k(q) = q**2 - q + 4. Let d be k(0). Let p(f) = -3*f - 3. Let g(n) = -7*n - 6. Let m(c) = -4*g(c) + 9*p(c). What is m(d)?
1
Let t be ((-14)/(-6))/(16/48). Let a(b) = -b**2 + 7*b + 6. Let v(i) = i**2 - 7*i - 6. Let d(p) = 5*a(p) + 6*v(p). Determine d(t).
-6
Let z be ((-21)/(-28))/((-1)/8). Let d(t) = 2*t + 8. Determine d(z).
-4
Let k be (12/(-10))/(15/50). Let y(t) = -t**3 - 5*t**2 - 5*t - 5. Give y(k).
-1
Let i(l) = -3*l + 3. Let q(p) = -3*p + 3. Let f(m) = -4*i(m) + 3*q(m). What is f(4)?
9
Let f(h) = 4*h - 4. Let x be f(3). Suppose -p - x = -5*a - 1, -2*p - 4 = 0. Let o(y) = y + a + 2 + 2. Calculate o(-4).
1
Let s(d) = 3 + 2*d - 6 + 3*d. Let p(g) = 11*g - 5. Let f(v) = -3*p(v) + 7*s(v). What is f(5)?
4
Let w = -8 - -10. Let g(z) = 3*z + z**w - 5 + 9 + z**3 + 3*z**2. Determine g(-4).
-8
Let y(c) = 7 - 6*c - 7*c**2 - c**3 - 6 - 2. Give y(-6).
-1
Let h(x) = x**2 - x + 2. Let j be h(0). Let p(d) = 7*d**2 - d + 9 - 4*d**2 - 4*d**j. Determine p(0).
9
Let m(k) = 24*k + 0 + 1 - k**2 - 23*k. Give m(-1).
-1
Let r(m) be the second derivative of -4*m**5/5 + m**4/12 - m**2/2 - 3*m. What is r(1)?
-16
Let d(m) be the first derivative of -m**4/8 + m**3/3 + m**2/2 + 4. Let a(q) be the second derivative of d(q). Calculate a(-2).
8
Let v(o) = -3*o - 8. Suppose -3*j + 2 + 10 = 0, -2*p - 28 = -4*j. Calculate v(p).
10
Suppose 4*w - 66 + 18 = 0. Suppose -3*j - 12 = 5*p - 5*j, -4*p - w = -4*j. Let o(c) = -c + 2. Let n(b) = -b + 1. Let q(x) = 5*n(x) - 3*o(x). What is q(p)?
3
Let k = 2 - 5. Let b(d) be the first derivative of d**2/2 + 4*d - 16. Give b(k).
1
Suppose -5*d = -2*d. Suppose 5*t - 2*t - 9 = d. Let l(j) = -j**2 + 4*j - 2. What is l(t)?
1
Let f(p) = -6*p**2 + 2*p + 1. Suppose 4 + 6 = 5*o. Suppose 14 + 8 = -o*h. Let t be 26/(-22) + (-2)/h. Give f(t).
-7
Let s(p) = -15*p - 24. Let f(w) = -7*w - 13. Let z(c) = 11*f(c) - 6*s(c). Give z(1).
14
Let h(m) = -3*m**2 - 17*m + 5. Let i(w) = w**3 - 6*w**2 - 2*w + 10. Let y be i(6). Let f(n) = -n**2 - 8*n + 3. Let g(o) = y*h(o) + 5*f(o). What is g(5)?
0
Suppose 2*i + 15 = 7*i. Let b(a) = -a**3 + 3*a**2 + 2*a - 4. Determine b(i).
2
Let u(d) = d - 7. Let f = -20 + 24. Suppose -18 = -f*k + 6. Determine u(k).
-1
Let y(w) = -w**3 + 5*w**2 - 5*w + 2. Suppose -3*g + 30 = -g. Suppose 0 = -5*x + g + 5. Determine y(x).
-2
Let r be (-4)/18 - 76/(-18). Let v(m) be the second derivative of 0*m**2 - 1/20*m**5 + 0 + 2*m - 1/3*m**r + m**3. Calculate v(-5).
-5
Let v(x) = 16*x**3 + x**2 - x - 1. Let y be 2/(7/(7/(-2))). Give v(y).
-15
Let i(m) = -m**3 + 6*m**2 + m + 3. Suppose 43 + 9 = 4*s. Suppose 2*t = 3*x - s, -2*x - t - 4*t = -15. Suppose -4*v = g + 6, 0 = -g + v - x + 14. Calculate i(g).
9
Suppose 0 = 2*y + y. Let a(s) = 0*s + 2*s - 3*s + 7 - 14. What is a(y)?
-7
Suppose 4 = k + k. Suppose g - 2*g - 11 = -k*i, -g + 1 = 0. Suppose 0 = 3*l + 9, 2*l - 4 = -4*u + i*l. Let b(z) = -3*z - 3. Give b(u).
3
Let b(a) be the second derivative of -a**5/20 - a**4/4 - a**3/6 - a**2 - 17*a. What is b(-3)?
1
Let q(u) = 2*u - 5. Let z be q(4). Let n(a) = -2*a - a**2 - z + 8 + 1 + 9*a. Calculate n(7).
6
Suppose 4*t - 2*v + 1 = 3, -t = 4*v - 5. Let w(z) = 12*z**2 - 29*z**2 + 6*z + 16*z**2. Let n(f) = 1. Let s(j) = t*w(j) - 3*n(j). Determine s(5).
2
Let a = 17 - 8. Let d(v) = -2*v**2 + 5*v**2 + 2 + 2*v**2. Let z(m) = 11*m**2 - m + 4. Let l(s) = a*d(s) - 4*z(s). Calculate l(-4).
2
Let w(t) = 7*t + 2. Suppose -3*h - 4 = 5. Calculate w(h).
-19
Let v(y) = 2*y**2 - 2*y - 1. Suppose -r - 3*c - c = -19, -3*r - 2*c = -7. Suppose -7*m = -5*m. Let o be (0 + 1)/(r - m). Determine v(o).
3
Let h(k) = -k**3 + 5*k**2 - 3*k. Let x be 2 - -3 - (-1 - -3)/1. Give h(x).
9
Let j = -17 + 17. Let a(o) = j*o**3 - o**2 + o**3 + o - 4 - 1 - 3. Calculate a(0).
-8
Let m(h) = h. Let a(c) = 2*c**2 - 2*c**2 + 2*c + c**2 - 4*c. Let q be a(2). Calculate m(q).
0
Suppose -3*m - 9 = 3*s, 2*s + m = -4*m - 3. Let a(v) = v**3 + 4*v**2 - v - 2. Calculate a(s).
2
Let z(c) be the third derivative of -1/10*c**5 + 0*c + 1/120*c**6 + 1/3*c**3 - 3*c**2 + 0 - 1/24*c**4. Determine z(6).
-4
Let v(j) = -j**3 - 3*j**2 - 2*j. Let h be v(-3). Let m(t) be the third derivative of t**5/60 - t**4/4 + 4*t**3/3 - 27*t**2. Give m(h).
8
Suppose -z = 5*a + 23, 2*a - 2*z = -z - 5. Let t(c) = -c**2 - c**2 + c**2 - 2 - 5*c. What is t(a)?
2
Let v be 6/14 - (-15)/(-35). Suppose v = i - 5*i. Let w(n) = n + 2. Give w(i).
2
Let o(x) = -x. Let j = 44 - 44. Determine o(j).
0
Let b(o) = o**3 + 3*o**2 - 2*o - 1. Suppose d - 4*d + 12 = 0. Suppose -f + 27 = -d*f. Let l = -12 - f. Determine b(l).
5
Let y(w) be the second derivative of -w**3/2 - 2*w**2 + 11*w. What is y(-5)?
11
Let x be (3 - (1 - 1))*1. Suppose x*c = -1 - 5. Let u(b) be the first derivative of 5*b**2/2 + 2*b - 1. Determine u(c).
-8
Let v(z) = 8*z + 0 + z**2 - 5 - 7*z + 1. What is v(0)?
-4
Let k = -4 - -7. Let p(g) = -g**3 + 0*g**2 + g**2 + g + 7*g**k. Let q(m) = -m**3 - 12*m**2 + m + 11. Let i be q(-12). Give p(i).
-6
Suppose 5 = -4*y + 1. Let d be (-6)/(-24) - y/(-4). Let g(m) = 3*m + d*m + 4 - 2*m + 0*m. Give g(-3).
1
Let m(c) = -7 + 1 - 2 + c + 0*c. Determine m(5).
-3
Let s be (6/(-8))/((-1)/4). Let h(q) be the first derivative of -2*q**2 + 6 + 2/3*q**3 - q. What is h(s)?
5
Let k(m) = -11*m**3 + 6*m**2 - 7*m + 5. Let z(f) = -5*f**3 + 3*f**2 - 3*f + 2. Let n(t) = 4*k(t) - 9*z(t). Give n(3).
-1
Let g(b) be the first derivative of -3*b**2/2 + 2*b + 12. Calculate g(5).
-13
Let f = 0 + 2. Let y(k) be the second derivative of 2*k**3/3 + k**2 + 2*k. Determine y(f).
10
Let b(p) = -p**3 - 5*p**2 - 5*p - 2. Let i be b(-4). Suppose i*f - 12 = -0*f. Let d(t) = t + f - 5 + t - 3*t**2. Determine d(2).
-7
Suppose 0 = 5*u - u + 12. Let g = u + 0. Let j(b) be the third derivative of -5*b**4/24 - 2*b**3/3 + b**2. Calculate j(g).
11
Let k be (2/3)/((-10)/45). Let x(i) be the third derivative of 0*i**3 + 1/6*i**4 + 1/60*i**5 + 0*i + i**2 + 0. Determine x(k).
-3
Let t = 1 + -4. Let f(i) = -2*i - 2 + 3 - i**3 + 2*i**2 + 2*i**3. What is f(t)?
-2
Suppose -n - 2*b = 5, -4 = 3*n - 2*b - 13. Suppose 12 - n = -5*d + 3*i, i = -3. Let v(x) = 4*x + 6. Determine v(d).
-10
Let r = 8 + -7. Let w(q) be the third derivative of 0*q**3 + 0*q + 0*q**5 - 1/24*q**4 + 0 - q**2 + 1/24*q**6. What is w(r)?
4
Suppose 5*y - 3 = 4*y, 0 = -3*f - 3*y + 33. Let c 